 highest common divisor of 2277 and 693.
99
Calculate the highest common divisor of 428 and 2.
2
What is the greatest common divisor of 24 and 9?
3
What is the greatest common divisor of 56 and 392?
56
What is the highest common divisor of 5 and 170?
5
Calculate the greatest common divisor of 70 and 126.
14
What is the greatest common factor of 164 and 92?
4
Calculate the greatest common factor of 365 and 5.
5
Calculate the greatest common factor of 385 and 525.
35
What is the greatest common factor of 1272 and 5565?
159
Calculate the highest common divisor of 7263 and 54.
27
Calculate the highest common divisor of 665 and 140.
35
Calculate the highest common factor of 315 and 180.
45
Calculate the highest common factor of 6230 and 70.
70
Calculate the greatest common factor of 3 and 34.
1
What is the highest common factor of 21 and 85953?
21
What is the greatest common factor of 13190 and 10?
10
Calculate the greatest common divisor of 7106 and 68.
34
What is the greatest common divisor of 156 and 12675?
39
Calculate the greatest common divisor of 1423 and 4.
1
What is the greatest common divisor of 301 and 387?
43
Calculate the greatest common factor of 342 and 54.
18
Calculate the greatest common factor of 25450 and 25.
25
Calculate the greatest common divisor of 38 and 6194.
38
What is the highest common divisor of 23 and 23?
23
Calculate the highest common factor of 1587 and 69.
69
What is the highest common factor of 782 and 759?
23
What is the highest common divisor of 130 and 455?
65
Calculate the greatest common factor of 9 and 6.
3
Calculate the highest common factor of 128 and 96.
32
Calculate the highest common factor of 68 and 5627.
17
What is the highest common factor of 47 and 7097?
47
Calculate the greatest common divisor of 275 and 50.
25
What is the highest common divisor of 670 and 30?
10
What is the highest common divisor of 280 and 35?
35
Calculate the greatest common divisor of 42 and 378.
42
Calculate the greatest common factor of 38 and 57.
19
Calculate the highest common divisor of 296 and 370.
74
What is the greatest common factor of 95 and 513?
19
Calculate the greatest common divisor of 156 and 318.
6
What is the highest common factor of 530 and 848?
106
What is the highest common divisor of 41 and 41861?
41
What is the greatest common factor of 209 and 7304?
11
What is the greatest common factor of 37 and 925?
37
What is the highest common factor of 35 and 665?
35
What is the greatest common divisor of 387 and 18?
9
What is the highest common divisor of 442 and 408?
34
Calculate the greatest common divisor of 784 and 224.
112
What is the greatest common factor of 330 and 3630?
330
Calculate the highest common factor of 186 and 2697.
93
What is the greatest common divisor of 344 and 9718?
86
Calculate the highest common factor of 170 and 10438.
34
What is the highest common divisor of 1744 and 80?
16
Calculate the highest common factor of 258 and 2967.
129
What is the highest common divisor of 8 and 36?
4
What is the greatest common divisor of 199 and 4?
1
What is the highest common factor of 27 and 279?
9
What is the highest common divisor of 806 and 234?
26
Calculate the highest common factor of 55 and 880.
55
What is the highest common factor of 1071 and 119?
119
What is the greatest common divisor of 17798 and 154?
22
What is the greatest common divisor of 1880 and 8?
8
What is the highest common factor of 24 and 1360?
8
What is the highest common divisor of 208 and 64?
16
What is the greatest common factor of 10 and 12445?
5
What is the greatest common divisor of 3 and 443?
1
What is the greatest common divisor of 8 and 32?
8
What is the greatest common factor of 731 and 43?
43
What is the highest common factor of 960 and 40?
40
What is the highest common divisor of 1054 and 1550?
62
Calculate the highest common factor of 63 and 1491.
21
Calculate the greatest common factor of 14279 and 109.
109
Calculate the greatest common divisor of 9456 and 24.
24
Calculate the greatest common factor of 160 and 106.
2
Calculate the greatest common factor of 532 and 228.
76
Calculate the greatest common factor of 725 and 29.
29
Calculate the greatest common divisor of 15 and 100.
5
What is the highest common factor of 9891 and 63?
63
Calculate the highest common divisor of 4059 and 99.
99
What is the greatest common factor of 240 and 150?
30
What is the greatest common factor of 465 and 15?
15
What is the greatest common factor of 280 and 510?
10
Calculate the greatest common divisor of 511 and 219.
73
What is the highest common divisor of 1001 and 1771?
77
Calculate the greatest common divisor of 114 and 16.
2
What is the highest common divisor of 2175 and 150?
75
Calculate the highest common factor of 72 and 162.
18
What is the highest common divisor of 47 and 8836?
47
What is the highest common divisor of 17 and 221?
17
What is the greatest common divisor of 858 and 390?
78
What is the highest common factor of 441 and 49?
49
What is the highest common divisor of 3807 and 141?
141
Calculate the highest common factor of 737 and 22.
11
Calculate the greatest common divisor of 40 and 2675.
5
What is the highest common divisor of 110 and 154?
22
Calculate the greatest common factor of 292 and 40004.
292
What is the greatest common divisor of 3675 and 375?
75
What is the greatest common factor of 30 and 90?
30
What is the highest common factor of 44 and 506?
22
What is the greatest common divisor of 42 and 1974?
42
Calculate the greatest common factor of 16 and 68.
4
What is the highest common factor of 172 and 4?
4
Calculate the highest common factor of 400 and 250.
50
What is the highest common divisor of 375 and 50?
25
What is the greatest common factor of 475 and 150?
25
Calculate the greatest common divisor of 22 and 3014.
22
Calculate the highest common divisor of 246 and 44403.
123
What is the highest common divisor of 155 and 837?
31
Calculate the greatest common factor of 22 and 99.
11
Calculate the highest common factor of 225 and 639.
9
What is the greatest common divisor of 680 and 40?
40
Calculate the highest common factor of 366 and 1159.
61
Calculate the greatest common factor of 4 and 2036.
4
What is the greatest common divisor of 1005 and 3819?
201
Calculate the greatest common divisor of 52 and 156.
52
Calculate the highest common factor of 32 and 4768.
32
Calculate the highest common divisor of 1 and 59.
1
Calculate the highest common factor of 137 and 8.
1
What is the greatest common divisor of 9 and 101?
1
What is the greatest common factor of 5196 and 12?
12
What is the greatest common divisor of 105 and 195?
15
Calculate the greatest common factor of 185 and 296.
37
What is the greatest common divisor of 49065 and 15?
15
What is the greatest common factor of 168 and 17304?
168
What is the greatest common divisor of 4884 and 264?
132
Calculate the greatest common factor of 21 and 21.
21
Calculate the highest common divisor of 34 and 8.
2
Calculate the greatest common factor of 255 and 20.
5
What is the greatest common factor of 975 and 1040?
65
Calculate the highest common divisor of 42 and 294.
42
What is the greatest common factor of 567 and 81?
81
What is the greatest common factor of 88 and 253?
11
What is the greatest common divisor of 164 and 55186?
82
What is the greatest common factor of 47 and 1504?
47
Calculate the greatest common divisor of 27 and 1269.
27
What is the highest common divisor of 4505 and 51?
17
What is the greatest common factor of 13 and 1391?
13
Calculate the highest common factor of 7 and 19579.
7
What is the highest common divisor of 288 and 252?
36
Calculate the highest common divisor of 28 and 2884.
28
What is the greatest common factor of 1665 and 45?
45
What is the highest common factor of 13 and 624?
13
What is the highest common divisor of 14137 and 67?
67
Calculate the highest common divisor of 7725 and 600.
75
What is the greatest common factor of 15 and 145?
5
What is the greatest common divisor of 640 and 760?
40
What is the highest common factor of 868 and 28?
28
What is the highest common divisor of 80 and 10?
10
What is the greatest common factor of 123 and 287?
41
What is the greatest common divisor of 2000 and 375?
125
Calculate the highest common factor of